= -23*z + 21*z + 572. What is the hundreds digit of z?
2
Suppose f + 349 = 421. What is the units digit of f?
2
Suppose 4*m - 904 = 3*u, 6*m + u = 7*m - 226. What is the units digit of m?
6
Suppose 29*f = -4*d + 24*f + 2566, -3*d = -5*f - 1907. What is the tens digit of d?
3
Suppose -3*c + 29*z + 2975 = 30*z, 4*c + z - 3966 = 0. What is the units digit of c?
1
Suppose 120 = 5*a + 2*x - 5496, 2*a = 5*x + 2229. What is the tens digit of a?
2
Suppose -39 = -d + 2*y - 7*y, 2*d + 5*y - 58 = 0. Let v = 22 - d. Suppose v*b - 4*m = 10, -m = -1 - 1. What is the units digit of b?
6
Let s = 18 + -16. Suppose -s*r + 50 - 14 = a, 4*a = -5*r + 132. What is the units digit of a?
8
Let t(o) = -5*o + 55. Let w(r) = r. Let s(f) = -t(f) + 5*w(f). What is the units digit of s(11)?
5
Let k = -34 - -20. Let g be ((-150)/35)/(2/k). Suppose 77 = b + g. What is the units digit of b?
7
Let y = -114 + 203. What is the tens digit of y?
8
Let w(i) be the first derivative of -3*i**2 + 7*i + 2. Suppose 13*u - 10 = 15*u + 4*f, -5*u + 4*f = 11. What is the tens digit of w(u)?
2
Suppose 0 = -2*x + 5*x - 6. Suppose t - 4*h + 3 = 9, -4*t + 3*h - x = 0. What is the tens digit of (1/2)/(t/(-48))?
1
Let a(c) = 27*c + 100. What is the tens digit of a(0)?
0
Let f(u) = u**3 - 3*u**2 + 4*u + 4. Let y be f(4). Suppose 0 = 9*o - 27 - y. What is the units digit of o?
7
Let t(u) = -u**2 - 10*u - 6. Let y be t(-7). Let b be (-2)/(-3) - (-2150)/y. Suppose -5*l + 212 = 3*q, -q - b = -4*l + 3*q. What is the tens digit of l?
4
Let i(s) = -3*s**2 + 6*s + 9. Let a(u) = u**2 - u + 1. Let t(k) = 6*a(k) + i(k). What is the units digit of t(-4)?
3
Suppose 27 = -2*d - 35. Suppose 335 = 4*i + i. Let g = i + d. What is the units digit of g?
6
Suppose -2*f + 4 = -24. Let j = -2 + f. Suppose j*z - 24 = 9*z. What is the units digit of z?
8
Suppose -3*d - 3*q + 4740 = 0, -3*q + 3793 = 2*d + 632. What is the tens digit of d?
7
Let f(p) = -6*p**3 + p**2 + 15*p + 3. What is the thousands digit of f(-9)?
4
What is the units digit of 1299/30*12 - 18/30?
9
Suppose -11*m + 4*m + 14 = 0. Suppose m*j - 39 + 5 = 5*v, 3*j = -v + 17. What is the units digit of j?
7
Let g(l) = l**2 - 4*l - 3. Let a be g(4). Let o = a + 1. What is the units digit of 1/(2*o/(-140))?
5
Suppose 3664 = 4*n + 2*r - 0*r, -2*n = -2*r - 1820. Suppose 7*a - n + 32 = 0. What is the tens digit of a?
2
Let s(n) = -2*n**2 - 55*n - 11. What is the units digit of s(-26)?
7
Let l be ((-15)/5)/(9/(-15)). Let b(n) = -n**3 + 9*n**2 - 2*n - 4. What is the units digit of b(l)?
6
Let a = -554 - -1947. What is the tens digit of a?
9
Let c(g) be the third derivative of -g**4 + 19*g**3/3 - 16*g**2. What is the tens digit of c(-11)?
0
Suppose -1264 = -3*i + y, 1262 = 4*i - i - 2*y. What is the units digit of i?
2
Let a = 0 - 12. Let x be a/(-9) + 2/3. What is the units digit of -1*60/(-4) - x?
3
Let k be 60/(-16) + 6/8. Let d(a) = a**2 + 12*a + 30. Let r be d(-7). What is the tens digit of 28 - (r - k - 0)?
3
Let q(s) = 19*s - 13 - 14*s + 12*s - s**2. What is the units digit of q(16)?
3
Let b be 2/(-5) - 27472/(-80). Suppose -2*t + 3*o = -127, t + o = -4*t + b. What is the units digit of t?
8
Suppose -37321 + 2265 = -28*a. What is the thousands digit of a?
1
Suppose -2*d + 0*d = -2252. What is the tens digit of d?
2
Suppose 16 = 12*v - 20. Let c = 10 - 5. Suppose a = 4*y + 4 - 23, -c*a - 10 = -v*y. What is the units digit of a?
1
Suppose -4*b - 3*l + 39 = 0, 2*l - 7*l - 13 = -2*b. Let n(a) = 4*a - 19. Let q(m) = -7*m + 38. Let h(y) = 7*n(y) + 3*q(y). What is the units digit of h(b)?
4
Let i = -3012 - -5220. What is the hundreds digit of i?
2
Suppose -5*s + 722 = -3*s. What is the tens digit of s?
6
Let b = 9 + -5. Suppose 396 = 4*x - 3*m, 7*m = -b*x + 4*m + 420. What is the hundreds digit of x?
1
Let l = -28 - -32. What is the tens digit of 4/16 - (-95)/l?
2
Suppose -226*y + 12521 = -207*y. What is the tens digit of y?
5
Let q(v) be the third derivative of 3*v**4/8 - 3*v**3/2 + 13*v**2. What is the tens digit of q(5)?
3
Suppose 58*y - 992 = 54*y. Suppose 0 = 5*w - 707 - y. What is the hundreds digit of w?
1
Let g = 369 - -1163. What is the thousands digit of g?
1
Let n = 54 + -53. What is the tens digit of n/(-7) - 3944/(-119)?
3
What is the units digit of ((-8)/36 - 0) + 7924/18?
0
Suppose 51*h - 11*h - 59720 = 0. What is the units digit of h?
3
Let s(v) = v + 2*v + 2 - v**2 - 1 + 1. Let j be s(4). What is the units digit of (16/j)/(6/(-21))?
8
Suppose r + r + 8 = 0. Let v be ((-66)/(-9))/(r/6). Let g(l) = l**2 + 9*l + 6. What is the tens digit of g(v)?
2
Let h(o) = 225*o - 12 - 3 - 236*o. What is the tens digit of h(-4)?
2
Suppose -5*x + 4 = -4*g - 13, -3*x - 4*g + 23 = 0. Suppose 67 = x*f - 183. What is the units digit of f?
0
Let j(n) = -n**3 + 14*n**2 - n + 2. Let f be j(14). Let a = 70 + f. What is the units digit of a?
8
Let x(m) = 2*m + 398. What is the tens digit of x(-39)?
2
Let b = 2173 - 1964. What is the units digit of b?
9
Let f = 851 - 566. What is the hundreds digit of f?
2
Suppose c = -3 + 17. Let m be 32/c - 14/49. Suppose -3*k = 2*q - 15, -q + m*k + 25 = -0*q. What is the units digit of q?
5
Let u(i) = 2*i - 28. Let t be u(19). Suppose t*c = 22*c - 1212. What is the hundreds digit of c?
1
Let f(c) = -c**3 + 19*c**2 + 27*c - 8. Let l be f(20). Suppose 0 = 4*b - 5*h - l, -3*b - 4 + 114 = -h. What is the units digit of b?
8
Let o = 89 + -85. Suppose -3*z - 5*f + 438 = -o*f, -4*z - 2*f + 586 = 0. What is the hundreds digit of z?
1
Let w be (-14)/(-63) + (-50)/(-18). Suppose -t = w*t. Suppose t = 2*i - 37 - 7. What is the tens digit of i?
2
Let y = 1111 - 600. What is the tens digit of y?
1
Suppose 2*p = 3*d + 29, -5*d + d + p - 47 = 0. Let m = 12 + d. What is the units digit of (16 + -1)/(-3)*m?
5
Let m(w) = -w - 9. Let y be m(11). Let f = -5 - y. What is the units digit of f?
5
Suppose -2*c = -6*c - 4*q + 8, -3*q + 14 = -c. What is the tens digit of 5/(10/(-212))*1*c?
1
Suppose -142*s + 136*s = -4218. What is the hundreds digit of s?
7
Let n(f) = -33*f + 54. What is the units digit of n(-23)?
3
Suppose 1 - 17 = -4*w + u, -3*w + 31 = 4*u. What is the units digit of ((-17)/2)/(w + (-486)/96)?
6
Let u = -28 - -38. Suppose -i = u - 91. What is the units digit of i?
1
Let k(a) = -a**3 - 6*a**2 + 25*a + 53. What is the units digit of k(-14)?
1
Suppose 20*c - 15310 - 28950 = 0. What is the tens digit of c?
1
Suppose -3*t - 3*a = -2*t - 229, 4*a = -4. Let z = 371 - t. What is the hundreds digit of z?
1
Let x(q) = 42*q**2 - 19*q + 63. What is the tens digit of x(8)?
9
Let z(q) be the first derivative of -20*q**3/3 - q**2 - q - 2. Let a be z(-1). Let j = a - -31. What is the units digit of j?
2
Let v be 2/8 + 8766/(-24). Let b = -173 - v. What is the units digit of b?
2
Let r(w) = 13*w**2 - 47*w + 23. What is the tens digit of r(-9)?
9
Let o = 11 + -11. Let r(s) = 0*s + o*s - s + 16. What is the tens digit of r(5)?
1
Let f = 19 + -17. Suppose -f*w + 6*w = 0. Let b(h) = -h**3 - h**2 + 2*h + 44. What is the units digit of b(w)?
4
Let i(q) = q**3 - q + 30. Suppose r = 0, 0 = -4*p - 7*r + 11*r. What is the units digit of i(p)?
0
What is the tens digit of 118*((-297)/6)/(-3)?
4
Suppose -12 = -2*f + 4. Let v = 50 + f. What is the tens digit of v?
5
Let j(a) = -a**2 - 10*a + 4. Let y = -15 + 6. What is the units digit of j(y)?
3
Let l be ((-8)/14)/((-12)/42) - -3. Suppose -l*z = 3*q - 489, q - 5*q = -z - 652. What is the hundreds digit of q?
1
Let a = 39 + -44. Let u(j) = -j**2 - 4*j - 7. Let t be u(a). What is the units digit of (-285)/(-6) + 6/t?
7
Let u(o) be the second derivative of 0 - 1/12*o**4 - 4*o - 2/3*o**3 + 7/2*o**2. What is the units digit of u(-5)?
2
Let m(y) = -2*y**2 - 13*y + 7. Let n be -8 + (-1)/(-3)*6. Let a be m(n). Let w = a + -5. What is the units digit of w?
8
Suppose -3*c - 105 = 2*c + 2*n, 0 = -5*c + 3*n - 130. Let l = -117 + 164. Let k = l - c. What is the tens digit of k?
7
Suppose 6*n = 8*n - 20. Suppose 670 = -n*l + 5*l. Let b = -90 - l. What is the units digit of b?
4
Suppose -29066 - 18436 = -58*d. What is the units digit of d?
9
Let n(b) be the second derivative of 5*b**4/12 + b**3/6 + 8*b**2 - 39*b. What is the tens digit of n(5)?
4
What is the tens digit of (71/3)/(11/33)?
7
Suppose -6*n = 35 - 107. What is the units digit of